{"id":122,"date":"2021-02-01T07:51:26","date_gmt":"2021-02-01T07:51:26","guid":{"rendered":"http:\/\/inprocon.az\/?page_id=122"},"modified":"2023-03-13T21:29:10","modified_gmt":"2023-03-13T17:29:10","slug":"f%c9%99aliyy%c9%99t-istiqam%c9%99tl%c9%99ri","status":"publish","type":"page","link":"https:\/\/inprocon.az\/?page_id=122","title":{"rendered":"F\u0259aliyy\u0259t \u0130stiqam\u0259tl\u0259ri"},"content":{"rendered":"<div class=\"brz-root__container brz-reset-all\">\n<section data-uid=\"zjtrbnkjlkpoijyzyiyhjgocrsbbpwcvzwyn\" id=\"zjtrbnkjlkpoijyzyiyhjgocrsbbpwcvzwyn\" class=\"brz-section brz-css-emxyh\">\n<div class=\"brz-section__content brz-section--boxed brz-css-sfnnn brz-css-jimne\" data-custom-id=\"qeasolxvgjkfstmsgcgbbwwizaucvfhjxszi\">\n<div class=\"brz-bg overflow-hidden absolute top-0 left-0 w-full h-full\">\n<div class=\"brz-bg-image absolute top-0 left-0 w-full h-full bg-no-repeat bg-cover\"><\/div>\n<div class=\"brz-bg-color absolute top-0 left-0 w-full h-full\"><\/div>\n<\/div>\n<div class=\"brz-container brz-css-owpmm\">\n<div class=\"brz-css-ztqwe brz-wrapper\">\n<div class=\"brz-rich-text brz-rich-text__custom brz-css-dgbrr\" data-custom-id=\"uqiccdbkytsouonmnhtljwohkendfsebviku\">\n<div>\n<h1 class=\"brz-css-lmszi\"><span class=\"brz-cp-color2\" style=\"background-color: transparent\">INPROCON ENGINEERING <\/span><\/h1>\n<\/div>\n<\/div>\n<\/div>\n<div class=\"brz-css-ztqwe brz-css-zhawk brz-css-xamhn brz-wrapper\">\n<div class=\"brz-spacer brz-css-jeupa brz-css-pjmuh\"><\/div>\n<\/div>\n<div class=\"brz-css-ztqwe brz-css-zhawk brz-css-htvpn brz-wrapper\">\n<div class=\"brz-spacer brz-css-jeupa brz-css-kiddm\"><\/div>\n<\/div>\n<div class=\"brz-wrapper-clone brz-css-qrxjf\">\n<div class=\"brz-d-xs-flex brz-flex-xs-wrap brz-css-ablcb\">\n<div class=\"brz-wrapper-clone__item brz-css-rnspl\" id=\"ybhmyklwpezkqysmahvdduttbwvappotssjr\"><a class=\"brz-a brz-btn brz-css-ogocb brz-css-qaoaz\" href=\"https:\/\/inprocon.az\/\" data-brz-link-type=\"external\" id data-custom-id=\"ybhmyklwpezkqysmahvdduttbwvappotssjr\"><span class=\"brz-span brz-text__editor\">HAQQIMIZDA<\/span><\/a><\/div>\n<\/div>\n<\/div>\n<div class=\"brz-css-ztqwe brz-css-zhawk brz-css-vwogf brz-wrapper\">\n<div class=\"brz-spacer brz-css-jeupa brz-css-dkjxs\"><\/div>\n<\/div>\n<div class=\"brz-css-ztqwe brz-css-hkeds brz-wrapper\">\n<div class=\"brz-line brz-line-default brz-css-kbaqo brz-css-axmly\" data-custom-id=\"nseyhlzgfacbqwnfrioldyesxjgkcxyqcbuh\">\n<hr class=\"brz-hr\"><\/div>\n<\/div>\n<div class=\"brz-css-ztqwe brz-css-zhawk brz-css-eihmx brz-wrapper\">\n<div class=\"brz-spacer brz-css-jeupa brz-css-awhkp\"><\/div>\n<\/div>\n<div class=\"brz-row__container brz-css-inoes\" data-custom-id=\"ymixgrrynhgntmyijlkhmazznwsotbficlam\">\n<div class=\"brz-bg overflow-hidden absolute top-0 left-0 w-full h-full\"><\/div>\n<div class=\"brz-row brz-css-bdvic brz-css-chegy\">\n<div class=\"brz-columns brz-css-figtf brz-css-lnpyb\" data-custom-id=\"ppzypdrsdufaskkcizcwebcmvqtthxzcoywd\">\n<div class=\"brz-bg overflow-hidden absolute top-0 left-0 w-full h-full\"><\/div>\n<div class=\"brz-column__items brz-css-azmje\">\n<div class=\"brz-wrapper-clone brz-css-qrxjf brz-css-modtg\">\n<div class=\"brz-d-xs-flex brz-flex-xs-wrap brz-css-ablcb\">\n<div class=\"brz-wrapper-clone__item brz-css-rnspl\" id=\"qervaeeewfjassncdnsgydhucwkcbcpyowed\">\n<div id class=\"brz-icon__container\" data-custom-id=\"qervaeeewfjassncdnsgydhucwkcbcpyowed\"><span class=\"brz-icon brz-span brz-css-oeimy brz-css-avrpj\"><\/span><\/div>\n<\/div>\n<\/div>\n<\/div>\n<div class=\"brz-css-ztqwe brz-css-ieear brz-wrapper\">\n<div class=\"brz-rich-text brz-rich-text__custom brz-css-dgbrr\" data-custom-id=\"fqugojxpkffugybybehplhiulpcxrpiaisoy\">\n<div>\n<h5 class=\"brz-css-tiqsn\"><span class=\"brz-cp-color2\">M\u00fch\u0259ndislik v\u0259 layih\u0259 dizayn\u0131<\/span><\/h5>\n<\/div>\n<\/div>\n<\/div>\n<\/div>\n<\/div>\n<div class=\"brz-columns brz-css-figtf brz-css-sjqzc\" data-custom-id=\"uqadbeycxwbrzfilncdsmxlqxvcxhztcaajx\">\n<div class=\"brz-bg overflow-hidden absolute top-0 left-0 w-full h-full\"><\/div>\n<div class=\"brz-column__items brz-css-azmje\">\n<div class=\"brz-wrapper-clone brz-css-qrxjf brz-css-pgtvj\">\n<div class=\"brz-d-xs-flex brz-flex-xs-wrap brz-css-ablcb\">\n<div class=\"brz-wrapper-clone__item brz-css-rnspl\" id=\"xogcrtrlkefrznkxulyjohvxasauhhevqvho\">\n<div id class=\"brz-icon__container\" data-custom-id=\"xogcrtrlkefrznkxulyjohvxasauhhevqvho\"><span class=\"brz-icon brz-span brz-css-oeimy brz-css-cxwgb\"><\/span><\/div>\n<\/div>\n<\/div>\n<\/div>\n<div class=\"brz-css-ztqwe brz-css-nkzyd brz-wrapper\">\n<div class=\"brz-rich-text brz-rich-text__custom brz-css-dgbrr\" data-custom-id=\"xsipamjzfsuaerhusjddxtkugpylbqxzmmyy\">\n<div>\n<h5 class=\"brz-css-qozse\"><span class=\"brz-cp-color2\">Qura\u015fd\u0131rma v\u0259 i\u015f\u0259buraxma<\/span><\/h5>\n<\/div>\n<\/div>\n<\/div>\n<\/div>\n<\/div>\n<div class=\"brz-columns brz-css-figtf brz-css-daulf\" data-custom-id=\"njethenswarlffpcbznkerowktvwybvvusgl\">\n<div class=\"brz-bg overflow-hidden absolute top-0 left-0 w-full h-full\"><\/div>\n<div class=\"brz-column__items brz-css-azmje\">\n<div class=\"brz-wrapper-clone brz-css-qrxjf brz-css-uqjxe\">\n<div class=\"brz-d-xs-flex brz-flex-xs-wrap brz-css-ablcb\">\n<div class=\"brz-wrapper-clone__item brz-css-rnspl\" id=\"tobqsbpyigvzmcxjikmsfxxltgxtlizabwic\">\n<div id class=\"brz-icon__container\" data-custom-id=\"tobqsbpyigvzmcxjikmsfxxltgxtlizabwic\"><span class=\"brz-icon brz-span brz-css-oeimy brz-css-xgqtk\">     <\/span><\/div>\n<\/div>\n<\/div>\n<\/div>\n<div class=\"brz-css-ztqwe brz-css-uzbfh brz-wrapper\">\n<div class=\"brz-rich-text brz-rich-text__custom brz-css-dgbrr\" data-custom-id=\"tqtvmevzjotbnuyzbmylriyvhjgxdstkrbdd\">\n<div>\n<h5 class=\"brz-css-uufmk\"><span class=\"brz-cp-color2\">M\u00fch\u0259ndislik d\u0259st\u0259yi v\u0259 t\u0259chizat<\/span><\/h5>\n<\/div>\n<\/div>\n<\/div>\n<\/div>\n<\/div>\n<div class=\"brz-columns brz-css-figtf brz-css-aulpm\" data-custom-id=\"gliaogmehqsbffmenxuxlmbkjliopppnydca\">\n<div class=\"brz-bg overflow-hidden absolute top-0 left-0 w-full h-full\"><\/div>\n<div class=\"brz-column__items brz-css-azmje\">\n<div class=\"brz-wrapper-clone brz-css-qrxjf brz-css-galmc\">\n<div class=\"brz-d-xs-flex brz-flex-xs-wrap brz-css-ablcb\">\n<div class=\"brz-wrapper-clone__item brz-css-rnspl\" id=\"nlcoltljpnywhatbqltafzxnysdecwkkfoyw\">\n<div id class=\"brz-icon__container\" data-custom-id=\"nlcoltljpnywhatbqltafzxnysdecwkkfoyw\"><span class=\"brz-icon brz-span brz-css-oeimy brz-css-sulix\"><\/span><\/div>\n<\/div>\n<\/div>\n<\/div>\n<div class=\"brz-css-ztqwe brz-css-ckzon brz-wrapper\">\n<div class=\"brz-rich-text brz-rich-text__custom brz-css-dgbrr\" data-custom-id=\"akwhkhdskmnmhyhxksddhrnrdiheaazkeswi\">\n<div>\n<h5 class=\"brz-css-gybtw\"><span class=\"brz-cp-color2\">Sah\u0259d\u0259 qura\u015fd\u0131rma xidm\u0259tl\u0259ri<\/span><\/h5>\n<\/div>\n<\/div>\n<\/div>\n<\/div>\n<\/div>\n<div class=\"brz-columns brz-css-figtf brz-css-iihjb\" data-custom-id=\"cswfexrupwwicszjjpbjasinvuqriqfbvvsr\">\n<div class=\"brz-bg overflow-hidden absolute top-0 left-0 w-full h-full\"><\/div>\n<div class=\"brz-column__items brz-css-azmje\">\n<div class=\"brz-wrapper-clone brz-css-qrxjf brz-css-hhrql\">\n<div class=\"brz-d-xs-flex brz-flex-xs-wrap brz-css-ablcb\">\n<div class=\"brz-wrapper-clone__item brz-css-rnspl\" id=\"elhedfnxvbnexmarjcrwwuobhdvabizrjdft\">\n<div id class=\"brz-icon__container\" data-custom-id=\"elhedfnxvbnexmarjcrwwuobhdvabizrjdft\"><span class=\"brz-icon brz-span brz-css-oeimy brz-css-ebrny\"><\/span><\/div>\n<\/div>\n<\/div>\n<\/div>\n<div class=\"brz-css-ztqwe brz-css-ttztg brz-wrapper\">\n<div class=\"brz-rich-text brz-rich-text__custom brz-css-dgbrr\" data-custom-id=\"ugprpdyaaopnjfdgxafsxeqczddkrduflbxk\">\n<div>\n<h5 class=\"brz-css-kfzns\"><span class=\"brz-cp-color2\">\u0130\u015f yerind\u0259 t\u0259liml\u0259r <\/span><\/h5>\n<\/div>\n<\/div>\n<\/div>\n<\/div>\n<\/div>\n<div class=\"brz-columns brz-css-figtf brz-css-oovnn\" data-custom-id=\"umbhbpgtgqeqcwcfzlbjabqegsjbhtcxkfii\">\n<div class=\"brz-bg overflow-hidden absolute top-0 left-0 w-full h-full\"><\/div>\n<div class=\"brz-column__items brz-css-azmje\">\n<div class=\"brz-wrapper-clone brz-css-qrxjf brz-css-xkqem\">\n<div class=\"brz-d-xs-flex brz-flex-xs-wrap brz-css-ablcb\">\n<div class=\"brz-wrapper-clone__item brz-css-rnspl\" id=\"ibtmcdotpenosaqnchpzbfgdzqidcpwxrjhf\">\n<div id class=\"brz-icon__container\" data-custom-id=\"ibtmcdotpenosaqnchpzbfgdzqidcpwxrjhf\"><span class=\"brz-icon brz-span brz-css-oeimy brz-css-uulzo\"><\/span><\/div>\n<\/div>\n<\/div>\n<\/div>\n<div class=\"brz-css-ztqwe brz-css-yaqpb brz-wrapper\">\n<div class=\"brz-rich-text brz-rich-text__custom brz-css-dgbrr\" data-custom-id=\"yfymyhbehjnjmzuseaibmlutsfqctttyfkea\">\n<div>\n<h5 class=\"brz-css-fpdfq\"><span class=\"brz-cp-color2\">\u0130\u015f\u0259buraxma sonras\u0131 d\u0259st\u0259kl\u0259yici xidm\u0259tl\u0259r <\/span><\/h5>\n<\/div>\n<\/div>\n<\/div>\n<\/div>\n<\/div>\n<\/div>\n<\/div>\n<\/div>\n<\/div>\n<\/section>\n<\/div>\n<p>    <!-- version:1678728550 --><\/p>\n","protected":false},"excerpt":{"rendered":"<p>INPROCON ENGINEERING HAQQIMIZDA M\u00fch\u0259ndislik v\u0259 layih\u0259 dizayn\u0131 Qura\u015fd\u0131rma v\u0259 i\u015f\u0259buraxma M\u00fch\u0259ndislik d\u0259st\u0259yi v\u0259 t\u0259chizat Sah\u0259d\u0259 qura\u015fd\u0131rma xidm\u0259tl\u0259ri \u0130\u015f yerind\u0259 t\u0259liml\u0259r \u0130\u015f\u0259buraxma sonras\u0131 d\u0259st\u0259kl\u0259yici xidm\u0259tl\u0259r<\/p>\n","protected":false},"author":1,"featured_media":0,"parent":0,"menu_order":0,"comment_status":"closed","ping_status":"closed","template":"elementor_theme","meta":[],"_links":{"self":[{"href":"https:\/\/inprocon.az\/index.php?rest_route=\/wp\/v2\/pages\/122"}],"collection":[{"href":"https:\/\/inprocon.az\/index.php?rest_route=\/wp\/v2\/pages"}],"about":[{"href":"https:\/\/inprocon.az\/index.php?rest_route=\/wp\/v2\/types\/page"}],"author":[{"embeddable":true,"href":"https:\/\/inprocon.az\/index.php?rest_route=\/wp\/v2\/users\/1"}],"replies":[{"embeddable":true,"href":"https:\/\/inprocon.az\/index.php?rest_route=%2Fwp%2Fv2%2Fcomments&post=122"}],"version-history":[{"count":11,"href":"https:\/\/inprocon.az\/index.php?rest_route=\/wp\/v2\/pages\/122\/revisions"}],"predecessor-version":[{"id":1450,"href":"https:\/\/inprocon.az\/index.php?rest_route=\/wp\/v2\/pages\/122\/revisions\/1450"}],"wp:attachment":[{"href":"https:\/\/inprocon.az\/index.php?rest_route=%2Fwp%2Fv2%2Fmedia&parent=122"}],"curies":[{"name":"wp","href":"https:\/\/api.w.org\/{rel}","templated":true}]}}